rime factors of 7128749?
7128749
What are the prime factors of 57628396?
2, 7, 2058157
What are the prime factors of 59363428?
2, 479, 30983
List the prime factors of 627214882.
2, 7, 44801063
What are the prime factors of 64622551?
7, 9231793
List the prime factors of 4831590231.
3, 13, 283, 337, 433
What are the prime factors of 794776729?
31, 25637959
What are the prime factors of 1870315259?
2293, 815663
List the prime factors of 901672493.
19, 47456447
What are the prime factors of 1064247233?
7, 2729, 55711
List the prime factors of 178167807.
3, 19, 67, 15551
List the prime factors of 9716646.
2, 3, 647, 2503
List the prime factors of 81376870.
2, 5, 313, 25999
List the prime factors of 6129080.
2, 5, 73, 2099
List the prime factors of 1616244954.
2, 3, 31, 8689489
What are the prime factors of 192307572?
2, 3, 5341877
List the prime factors of 26368789.
19, 853, 1627
What are the prime factors of 783257644?
2, 13, 15062647
What are the prime factors of 6700243823?
7, 13, 4283, 17191
What are the prime factors of 152647368?
2, 3, 19, 334753
List the prime factors of 6827892195.
3, 5, 1657, 274709
List the prime factors of 3296883562.
2, 7, 271, 124139
What are the prime factors of 1158687?
3, 31, 4153
List the prime factors of 108910681.
11, 23, 61, 7057
What are the prime factors of 61814842?
2, 113, 273517
List the prime factors of 1601071272.
2, 3, 2470789
What are the prime factors of 80495648?
2, 29, 127, 683
List the prime factors of 146130637.
146130637
What are the prime factors of 3393199002?
2, 3, 499, 1133333
What are the prime factors of 716453773?
7, 102350539
List the prime factors of 481256901.
3, 53472989
List the prime factors of 64706475.
3, 5, 23, 37511
List the prime factors of 27079226.
2, 197, 68729
What are the prime factors of 4298841999?
3, 29, 16470659
What are the prime factors of 321121231?
107, 3001133
What are the prime factors of 188594099?
188594099
What are the prime factors of 550758586?
2, 7, 19, 31, 66791
List the prime factors of 116835741.
3, 11, 1180159
List the prime factors of 665769741.
3, 7, 13, 2438717
What are the prime factors of 84881868?
2, 3, 23, 307543
What are the prime factors of 35719475?
5, 11, 193, 673
List the prime factors of 625557726.
2, 3, 23, 149, 10141
List the prime factors of 15526827.
3, 43, 53, 757
List the prime factors of 352217957.
7, 13, 3870527
What are the prime factors of 23453261?
13, 23, 78439
What are the prime factors of 1337880792?
2, 3, 61, 913853
List the prime factors of 680486891.
7, 109, 839, 1063
List the prime factors of 419912584.
2, 7, 13, 67, 8609
List the prime factors of 361177708.
2, 90294427
List the prime factors of 64568491.
13, 4966807
List the prime factors of 142033810.
2, 5, 17, 271, 3083
What are the prime factors of 59527905?
3, 5, 31, 313, 409
List the prime factors of 176822929.
176822929
List the prime factors of 16769220.
2, 3, 5, 13, 21499
List the prime factors of 38500819.
7, 785731
List the prime factors of 1546975489.
101, 1019, 15031
List the prime factors of 311452032.
2, 3, 59, 233
List the prime factors of 67339867.
7, 563, 2441
What are the prime factors of 34320795?
3, 5, 271, 8443
What are the prime factors of 6145929376?
2, 7193, 26701
What are the prime factors of 68768086?
2, 233, 147571
List the prime factors of 6060489243.
3, 31, 7841, 8311
List the prime factors of 18252383.
1061, 17203
What are the prime factors of 250588808?
2, 1789, 17509
List the prime factors of 2413488810.
2, 3, 5, 17, 59, 80209
What are the prime factors of 2465046685?
5, 31, 513017
List the prime factors of 1387760823.
3, 51398549
List the prime factors of 170865772.
2, 7, 11, 554759
What are the prime factors of 193565887?
193565887
List the prime factors of 145878885.
3, 5, 3241753
List the prime factors of 70255963.
6983, 10061
List the prime factors of 29844756.
2, 3, 881, 941
List the prime factors of 68270373.
3, 7585597
What are the prime factors of 1313913601?
7, 11, 13, 1312601
What are the prime factors of 361775103?
3, 41, 313, 9397
List the prime factors of 4697500937.
4697500937
List the prime factors of 2267305020.
2, 3, 5, 53, 26407
What are the prime factors of 6903371646?
2, 3, 383520647
List the prime factors of 1998396654.
2, 3, 541, 761, 809
What are the prime factors of 1828280892?
2, 3, 137, 1112093
What are the prime factors of 94392520?
2, 5, 31, 76123
What are the prime factors of 826587067?
37, 3191, 7001
What are the prime factors of 37517790?
2, 3, 5, 1250593
What are the prime factors of 1157295813?
3, 31, 12444041
What are the prime factors of 357075460?
2, 5, 7, 23, 173, 641
List the prime factors of 641639095.
5, 128327819
What are the prime factors of 31181728?
2, 29, 33601
What are the prime factors of 88915744?
2, 19, 43, 179
What are the prime factors of 7127504698?
2, 41, 149, 179, 3259
List the prime factors of 77507847.
3, 151, 6337
List the prime factors of 2359014897.
3, 786338299
What are the prime factors of 1131925075?
5, 45277003
List the prime factors of 867664194.
2, 3, 179, 499, 1619
List the prime factors of 504559215.
3, 5, 11212427
What are the prime factors of 73718676?
2, 3, 2047741
What are the prime factors of 156769998?
2, 3, 7, 11, 29, 11701
What are the prime factors of 8194571?
7, 11, 31, 3433
What are the prime factors of 348096213?
3, 131, 295247
List the prime factors of 595930510.
2, 5, 7, 37, 230089
What are the prime factors of 36234903?
3, 307, 39343
List the prime factors of 9801355.
5, 1960271
List the prime factors of 1456556087.
7, 208079441
List the prime factors of 171870893.
41, 4191973
What are the prime factors of 4366899?
3, 197, 821
What are the prime factors of 1336528793?
6361, 210113
List the prime factors of 735658807.
13, 56589139
What are the prime factors of 4038298339?
6067, 665617
What are the prime factors of 25154014?
2, 331, 37997
What are the prime factors of 501518532?
2, 3, 41793211
What are the prime factors of 411565296?
2, 3, 8574277
What are the prime factors of 210453854?
2, 13, 31, 37, 7057
List the prime factors of 63469385.
5, 7, 71, 25541
What are the prime factors of 329661955?
5, 7, 1345559
List the prime factors of 1584781108.
2, 19, 20852383
What are the prime factors of 874325091?
3, 291441697
What are the prime factors of 239514018?
2, 3, 39919003
List the prime factors of 331746922.
2, 13, 12759497
What are the prime factors of 1225966155?
3, 5, 29, 269, 10477
List the prime factors of 287835734.
2, 143917867
What are the prime factors of 555363333?
3, 7, 8815291
What are the prime factors of 118632839?
13, 1171, 7793
What are the prime factors of 171536187?
3, 59, 969131
List the prime factors of 5428064.
2, 169627
List the prime factors of 335553569.
13, 1873, 13781
What are the prime factors of 397875260?
2, 5, 113, 176051
List the prime factors of 744519845.
5, 17, 19, 43, 71, 151
List the prime factors of 21480067.
7, 3068581
List the prime factors of 465871536.
2, 3, 13, 17, 14639
List the prime factors of 79548356.
2, 31, 641519
List the prime factors of 472009991.
229, 2061179
What are the prime factors of 152209119?
3, 127, 399499
List the prime factors of 819941603.
13, 17, 89, 41687
What are the prime factors of 790025641?
4483, 176227
List the prime factors of 173968666.
2, 86984333
List the prime factors of 2055999461.
37, 55567553
List the prime factors of 103421916.
2, 3, 13, 89, 191
List the prime factors of 97764326.
2, 11, 1069, 4157
What are the prime factors of 16687931?
13, 17, 75511
List the prime factors of 34081115.
5, 919, 7417
What are the prime factors of 857763522?
2, 3, 7, 11, 88411
List the prime factors of 1163033515.
5, 7, 33229529
What are the prime factors of 779791896?
2, 3, 13, 457, 1823
What are the prime factors of 73641790?
2, 5, 17, 433187
What are the prime factors of 51650917?
51650917
List the prime factors of 109724162.
2, 3919, 13999
List the prime factors of 677215300.
2, 5, 2137, 3169
What are the prime factors of 8341860?
2, 3, 5, 41, 3391
List the prime factors of 21516806.
2, 277, 38839
What are the prime factors of 1541706669?
3, 57100247
What are the prime factors of 847785780?
2, 3, 5, 269, 17509
List the prime factors of 146497270.
2, 5, 29, 337, 1499
List the prime factors of 2